{"id":5956,"date":"2024-08-28T17:31:43","date_gmt":"2024-08-28T17:31:43","guid":{"rendered":"https:\/\/www.puk-zys.pl\/?page_id=5956"},"modified":"2024-08-28T17:31:44","modified_gmt":"2024-08-28T17:31:44","slug":"klauzula-rodo","status":"publish","type":"page","link":"https:\/\/www.puk-zys.pl\/index.php\/klauzula-rodo\/","title":{"rendered":"Klauzula RODO"},"content":{"rendered":"\n<h1 class=\"wp-block-heading\">Klauzula RODO<\/h1>\n\n\n\n<p>Od 25 maja 2018 r. obowi\u0105zuje RODO, czyli og\u00f3lne rozporz\u0105dzenie o ochronie danych osobowych z dnia 27 kwietnia 2016 r.\u00a0Dz. Urz. UE L 119 z 04.05.2016. W PUK ZYS dbamy o wasz\u0105 prywatno\u015b\u0107. Ni\u017cej przeczytacie zasady i cele, kt\u00f3rymi kierujemy si\u0119 przy przetwarzaniu waszych danych. Dowiecie si\u0119 r\u00f3wnie\u017c, jakie macie prawa korzystaj\u0105c ze strony puk-zys.pl oraz jak skontaktowa\u0107 si\u0119 z nami, aby realizowa\u0107 te prawa.<\/p>\n\n\n\n<p>Jeste\u015bcie u\u017cytkownikami serwisu puk-zys.pl. Wasze dane przetwarzane s\u0105 przez Przedsi\u0119biorstwo Us\u0142ug Komunalnych Artur Zys z siedzib\u0105 w P\u0142awcach (63-000), zarejestrowan\u0105 w Centralnej Ewidencji i Informacji o Dzia\u0142alno\u015bci Gospodarczej.<\/p>\n\n\n\n<p>Z ka\u017cd\u0105 spraw\u0105, kt\u00f3ra zwi\u0105zana jest z przetwarzaniem waszych danych osobowych mo\u017cecie kontaktowa\u0107 si\u0119 z nami za po\u015brednictwem poczty elektronicznej (office@puk-zys.pl) oraz tradycyjnej, przesy\u0142aj\u0105c list na adres PUK ZYS P\u0142awce 5A, 63-011 P\u0142awce.<\/p>\n\n\n\n<p>Przepisy RODO precyzyjnie okre\u015blaj\u0105, jakie s\u0105 prawa u\u017cytkownik\u00f3w i jakie z tego powodu ci\u0105\u017c\u0105 na nas obowi\u0105zki. Nasi u\u017cytkownicy mog\u0105:<br>\u2013 za\u017c\u0105da\u0107 od nas dost\u0119pu do swoich danych osobowych,<br>\u2013 dokona\u0107 ich zmian,<br>\u2013 za\u017c\u0105da\u0107 ich usuni\u0119cia,<br>\u2013 ograniczenia przetwarzania,<br>\u2013 za\u017c\u0105da\u0107 sprzeciwu ich przetwarzania,<br>\u2013 za\u017c\u0105da\u0107 przeniesienia danych,<br>\u2013 wnie\u015b\u0107 skarg\u0119 do Urz\u0119du Ochrony Danych Osobowych, ul. Stawki 2, 00-193 w Warszawie.<\/p>\n\n\n\n<p>Brzmi gro\u017anie, ale nie macie powod\u00f3w do obaw. To formalno\u015b\u0107, kt\u00f3ra jest wymagana od wszystkich podmiot\u00f3w.<\/p>\n\n\n\n<p>Jaki jest cel przetwarzania danych? Wynikaj\u0105 wy\u0142\u0105cznie z funkcjonalno\u015bci udost\u0119pnionych w serwisie:<\/p>\n\n\n\n<p>Przygotowanie, zawarcie i realizacja umowy z u\u017cytkownikiem serwisu puk-zys.pl zawartej na podstawie polityki cookies zamieszczonej w serwisie (czytaj <a href=\"https:\/\/www.puk-zys.pl\/index.php\/polityka-cookies\/\">tutaj<\/a>), obejmuj\u0105 analiz\u0119 danych w celu doskonalenia naszych us\u0142ug i dzia\u0142ania serwisu oraz dbania o bezpiecze\u0144stwo. Podstaw\u0105 takiego przetwarzania waszych danych jest art. 6 ust. 1 lit b RODO. Dlatego, \u017ce dane te s\u0105 niezb\u0119dne do realizacji umowy zawartej z u\u017cytkownikiem.<\/p>\n\n\n\n<p>Analiza danych \u2013 statystyka. Wykorzystujemy j\u0105 by usprawni\u0107 dzia\u0142anie serwisu, lepiej pozna\u0107 jego u\u017cytkownik\u00f3w i zapewni\u0107 im wi\u0119ksz\u0105 interakcj\u0119. Nie profilujemy publikowanych przez nas tre\u015bci, czyli korzystaj\u0105c z serwisu widzisz tre\u015bci w taki sam spos\u00f3b, jak inni u\u017cytkownicy.<\/p>\n\n\n\n<p>Do jakich danych mamy dost\u0119p? Korzystaj\u0105c z serwisu puk-zys.pl, przekazujesz nam sw\u00f3j numer IP oraz godzin\u0119 wej\u015bcia na stron\u0119. Nie mamy jednak mo\u017cliwo\u015bci identyfikacji konkretnych os\u00f3b po numerze IP. Dane te s\u0142u\u017c\u0105 nam wy\u0142\u0105cznie do cel\u00f3w og\u00f3lnej statystyki. Pozostawiasz te\u017c tzw. pliki cookies, o czym informujemy ka\u017cdego nowego u\u017cytkownika odwiedzaj\u0105cego dowoln\u0105 stron\u0119 w domenie puk-zys.pl. Pliki cookies s\u0142u\u017c\u0105 nam wy\u0142\u0105cznie do usprawnienia dzia\u0142ania serwisu. Informacje, kt\u00f3re zbieramy w ten spos\u00f3b nie s\u0142u\u017c\u0105 identyfikacji u\u017cytkownik\u00f3w i na ich podstawie nie mo\u017cemy ustali\u0107 waszej to\u017csamo\u015bci. Pliki cookies zapisywane s\u0105 jednak w pami\u0119ci urz\u0105dzenia, z kt\u00f3rego korzystacie i pozwalaj\u0105 okre\u015bli\u0107 parametry techniczne urz\u0105dzenia takie jak: rodzaj przegl\u0105darki internetowej, j\u0119zyk, system operacyjny, dostawca us\u0142ug internetowych, data, czas i lokalizacja do poziomu miejscowo\u015bci. To my mamy wy\u0142\u0105czny dost\u0119p do tych danych, nie przekazujemy ich nikomu innemu.<\/p>\n\n\n\n<p>Dane, kt\u00f3re od was zbieramy s\u0105 potrzebne do \u015bwiadczenia us\u0142ug na wasz\u0105 rzecz. Ograniczamy zakres tych danych do minimum. Pami\u0119tajcie, \u017ce nie zbieramy tzw. danych wra\u017cliwych, a te, kt\u00f3re zbieramy, nie przekazujemy innym podmiotom. Mog\u0105 one by\u0107 udost\u0119pnione innym podmiotom jedynie wtedy, kiedy wymagaj\u0105 tego od nas przepisy prawa. Na szcz\u0119\u015bcie do takiej sytuacji jeszcze nigdy nie dosz\u0142o.<\/p>\n","protected":false},"excerpt":{"rendered":"<p>Klauzula RODO Od 25 maja 2018 r. obowi\u0105zuje RODO, czyli og\u00f3lne rozporz\u0105dzenie o ochronie danych osobowych z dnia 27 kwietnia 2016 r.\u00a0Dz. Urz. UE L 119 z 04.05.2016. W PUK ZYS dbamy o wasz\u0105 prywatno\u015b\u0107. Ni\u017cej przeczytacie zasady i cele, kt\u00f3rymi kierujemy si\u0119 przy przetwarzaniu waszych danych. Dowiecie si\u0119 r\u00f3wnie\u017c, [&hellip;]<\/p>\n","protected":false},"author":1,"featured_media":0,"parent":0,"menu_order":0,"comment_status":"closed","ping_status":"closed","template":"","meta":{"footnotes":""},"class_list":["post-5956","page","type-page","status-publish","hentry"],"_links":{"self":[{"href":"https:\/\/www.puk-zys.pl\/index.php\/wp-json\/wp\/v2\/pages\/5956","targetHints":{"allow":["GET"]}}],"collection":[{"href":"https:\/\/www.puk-zys.pl\/index.php\/wp-json\/wp\/v2\/pages"}],"about":[{"href":"https:\/\/www.puk-zys.pl\/index.php\/wp-json\/wp\/v2\/types\/page"}],"author":[{"embeddable":true,"href":"https:\/\/www.puk-zys.pl\/index.php\/wp-json\/wp\/v2\/users\/1"}],"replies":[{"embeddable":true,"href":"https:\/\/www.puk-zys.pl\/index.php\/wp-json\/wp\/v2\/comments?post=5956"}],"version-history":[{"count":3,"href":"https:\/\/www.puk-zys.pl\/index.php\/wp-json\/wp\/v2\/pages\/5956\/revisions"}],"predecessor-version":[{"id":5959,"href":"https:\/\/www.puk-zys.pl\/index.php\/wp-json\/wp\/v2\/pages\/5956\/revisions\/5959"}],"wp:attachment":[{"href":"https:\/\/www.puk-zys.pl\/index.php\/wp-json\/wp\/v2\/media?parent=5956"}],"curies":[{"name":"wp","href":"https:\/\/api.w.org\/{rel}","templated":true}]}}